{"id":7,"date":"2017-12-18T15:19:01","date_gmt":"2017-12-18T15:19:01","guid":{"rendered":"http:\/\/wp.officeandwarehouse.pl\/?page_id=7"},"modified":"2020-02-25T07:52:32","modified_gmt":"2020-02-25T07:52:32","slug":"home","status":"publish","type":"page","link":"https:\/\/wp.officeandwarehouse.pl\/","title":{"rendered":"\u015arodowisko Biznesowe"},"content":{"rendered":"<p>Dla <strong>G\u00d3RCZYN BIZNES PARK<\/strong> niezwykle wa\u017cn\u0105 kwesti\u0105 jest u\u0142atwienie naszym klientom rozwoju dzi\u0119ki umo\u017cliwieniu owocnej wsp\u00f3\u0142pracy z innymi firmami korzystaj\u0105cymi z naszych us\u0142ug. W swoim portfolio posiadamy firmy informatyczne, reklamowe, dostawc\u00f3w sprz\u0119tu elektronicznego, warsztaty i myjnie samochodow\u0105, architekt\u00f3w, agent\u00f3w nieruchomo\u015bci, firmy budowlane i wiele, wiele innych.<\/p>\n<p>Znajdziesz u nas firmy \u015bwiadcz\u0105ce us\u0142ugi, jakie ka\u017cde sprawnie funkcjonuj\u0105ce przedsi\u0119biorstwo potrzebuje na zar\u00f3wno na co dzie\u0144, jak i w sytuacjach szczeg\u00f3lnych. Dzi\u0119ki temu, zamiast marnowa\u0107 czas i pieni\u0105dze mo\u017cna w spokoju skupi\u0107 si\u0119 na sprawach bardziej istotnych dla prowadzonego przedsi\u0119biorstwa. Wszystko mo\u017cesz zrobi\u0107 w jednym miejscu, dzi\u0119ki unikatowemu, stabilnemu \u015brodowisku biznesowemu.<\/p>\n<p>Lokalizacja w <strong>G\u00d3RCZYN BIZNES PARK<\/strong>, to zatem nie tylko niskie ceny, ale tak\u017ce oszcz\u0119dno\u015b\u0107 kluczowych zasob\u00f3w czasu i pieni\u0119dzy. S\u0105 to g\u0142\u00f3wne powody dlaczego wi\u0119kszo\u015b\u0107 z naszych klient\u00f3w wsp\u00f3\u0142pracuje z nami ju\u017c od 10 lat!<\/p>\n","protected":false},"excerpt":{"rendered":"<p>Dla G\u00d3RCZYN BIZNES PARK niezwykle wa\u017cn\u0105 kwesti\u0105 jest u\u0142atwienie naszym klientom rozwoju dzi\u0119ki umo\u017cliwieniu owocnej wsp\u00f3\u0142pracy z innymi firmami korzystaj\u0105cymi z naszych us\u0142ug. W swoim portfolio posiadamy firmy informatyczne, reklamowe, dostawc\u00f3w sprz\u0119tu elektronicznego, warsztaty i myjnie samochodow\u0105, architekt\u00f3w, agent\u00f3w nieruchomo\u015bci, firmy budowlane i wiele, wiele innych. Znajdziesz u nas firmy \u015bwiadcz\u0105ce us\u0142ugi, jakie ka\u017cde sprawnie &hellip; <\/p>\n<p class=\"link-more\"><a href=\"https:\/\/wp.officeandwarehouse.pl\/\" class=\"more-link\">Continue reading<span class=\"screen-reader-text\"> &#8220;\u015arodowisko Biznesowe&#8221;<\/span><\/a><\/p>\n","protected":false},"author":1,"featured_media":0,"parent":0,"menu_order":0,"comment_status":"closed","ping_status":"closed","template":"","meta":[],"_links":{"self":[{"href":"https:\/\/wp.officeandwarehouse.pl\/index.php?rest_route=\/wp\/v2\/pages\/7"}],"collection":[{"href":"https:\/\/wp.officeandwarehouse.pl\/index.php?rest_route=\/wp\/v2\/pages"}],"about":[{"href":"https:\/\/wp.officeandwarehouse.pl\/index.php?rest_route=\/wp\/v2\/types\/page"}],"author":[{"embeddable":true,"href":"https:\/\/wp.officeandwarehouse.pl\/index.php?rest_route=\/wp\/v2\/users\/1"}],"replies":[{"embeddable":true,"href":"https:\/\/wp.officeandwarehouse.pl\/index.php?rest_route=%2Fwp%2Fv2%2Fcomments&post=7"}],"version-history":[{"count":4,"href":"https:\/\/wp.officeandwarehouse.pl\/index.php?rest_route=\/wp\/v2\/pages\/7\/revisions"}],"predecessor-version":[{"id":179,"href":"https:\/\/wp.officeandwarehouse.pl\/index.php?rest_route=\/wp\/v2\/pages\/7\/revisions\/179"}],"wp:attachment":[{"href":"https:\/\/wp.officeandwarehouse.pl\/index.php?rest_route=%2Fwp%2Fv2%2Fmedia&parent=7"}],"curies":[{"name":"wp","href":"https:\/\/api.w.org\/{rel}","templated":true}]}}