{"id":71,"date":"2017-12-18T16:06:09","date_gmt":"2017-12-18T16:06:09","guid":{"rendered":"http:\/\/wp.officeandwarehouse.pl\/?page_id=71"},"modified":"2019-10-04T12:48:17","modified_gmt":"2019-10-04T12:48:17","slug":"uslugi-magazynowania","status":"publish","type":"page","link":"https:\/\/wp.officeandwarehouse.pl\/?page_id=71","title":{"rendered":"Us\u0142ugi Magazynowania"},"content":{"rendered":"<p>Oferta stworzona z my\u015bl\u0105 o ma\u0142ych i \u015brednich przedsi\u0119biorstwach maj\u0105cych na uwadze konieczno\u015b\u0107 ograniczania koszt\u00f3w i ceni\u0105cych sobie elastyczno\u015b\u0107 w planowaniu dalszej dzia\u0142alno\u015bci.<\/p>\n<p>Us\u0142ugi magazynowania i konfekcjonowania \u015bwiadczone przez G\u00d3RCZYN BIZNES PARK nie wi\u0105\u017c\u0105 si\u0119 z konieczno\u015bci\u0105 wp\u0142acania kaucji, ani deklaracj\u0105 minimalnego okresu trwania umowy. Minimalna powierzchnia, dla kt\u00f3rej \u015bwiadczone mog\u0105 by\u0107 rzeczone us\u0142ugi to 1 m<sup>2<\/sup>, a p\u0142aci si\u0119 jedynie za rzeczywiste wykorzystanie powierzchni w danym czasie.<\/p>\n<p>Jest to idealne rozwi\u0105zanie mi\u0119dzy innymi dla przedsi\u0119biorstw handlowych, kt\u00f3re nie s\u0105 pewne co do przysz\u0142ego zapotrzebowania na powierzchnie magazynow\u0105, dla przedsi\u0119biorc\u00f3w posiadaj\u0105cych na stanie du\u017ce i ci\u0119\u017ckie przedmioty, kt\u00f3rych przechowywanie wi\u0105\u017ce si\u0119 z konieczno\u015bci\u0105 korzystania z w\u00f3zka wid\u0142owego i fachowej si\u0142y roboczej.<\/p>\n<p>Us\u0142ugi \u015bwiadczone w tym zakresie przez G\u00d3RCZYN BIZNES PARK to nie tylko przechowywanie, ale tak\u017ce zarz\u0105dzanie spedycj\u0105. Aby wys\u0142a\u0107 sw\u00f3j towar do klienta nie musisz ju\u017c osobi\u015bcie przyje\u017cd\u017ca\u0107 do magazynu i martwi\u0107 si\u0119 o kuriera &#8211; G\u00d3RCZYN BIZNES PARK za\u0142atwi to za Ciebie. Oszcz\u0119dno\u015b\u0107 czasu i zero ryzyka!<\/p>\n","protected":false},"excerpt":{"rendered":"<p>Oferta stworzona z my\u015bl\u0105 o ma\u0142ych i \u015brednich przedsi\u0119biorstwach maj\u0105cych na uwadze konieczno\u015b\u0107 ograniczania koszt\u00f3w i ceni\u0105cych sobie elastyczno\u015b\u0107 w planowaniu dalszej dzia\u0142alno\u015bci. Us\u0142ugi magazynowania i konfekcjonowania \u015bwiadczone przez G\u00d3RCZYN BIZNES PARK nie wi\u0105\u017c\u0105 si\u0119 z konieczno\u015bci\u0105 wp\u0142acania kaucji, ani deklaracj\u0105 minimalnego okresu trwania umowy. Minimalna powierzchnia, dla kt\u00f3rej \u015bwiadczone mog\u0105 by\u0107 rzeczone us\u0142ugi to &hellip; <\/p>\n<p class=\"link-more\"><a href=\"https:\/\/wp.officeandwarehouse.pl\/?page_id=71\" class=\"more-link\">Continue reading<span class=\"screen-reader-text\"> &#8220;Us\u0142ugi Magazynowania&#8221;<\/span><\/a><\/p>\n","protected":false},"author":1,"featured_media":126,"parent":0,"menu_order":0,"comment_status":"closed","ping_status":"closed","template":"","meta":[],"_links":{"self":[{"href":"https:\/\/wp.officeandwarehouse.pl\/index.php?rest_route=\/wp\/v2\/pages\/71"}],"collection":[{"href":"https:\/\/wp.officeandwarehouse.pl\/index.php?rest_route=\/wp\/v2\/pages"}],"about":[{"href":"https:\/\/wp.officeandwarehouse.pl\/index.php?rest_route=\/wp\/v2\/types\/page"}],"author":[{"embeddable":true,"href":"https:\/\/wp.officeandwarehouse.pl\/index.php?rest_route=\/wp\/v2\/users\/1"}],"replies":[{"embeddable":true,"href":"https:\/\/wp.officeandwarehouse.pl\/index.php?rest_route=%2Fwp%2Fv2%2Fcomments&post=71"}],"version-history":[{"count":2,"href":"https:\/\/wp.officeandwarehouse.pl\/index.php?rest_route=\/wp\/v2\/pages\/71\/revisions"}],"predecessor-version":[{"id":176,"href":"https:\/\/wp.officeandwarehouse.pl\/index.php?rest_route=\/wp\/v2\/pages\/71\/revisions\/176"}],"wp:featuredmedia":[{"embeddable":true,"href":"https:\/\/wp.officeandwarehouse.pl\/index.php?rest_route=\/wp\/v2\/media\/126"}],"wp:attachment":[{"href":"https:\/\/wp.officeandwarehouse.pl\/index.php?rest_route=%2Fwp%2Fv2%2Fmedia&parent=71"}],"curies":[{"name":"wp","href":"https:\/\/api.w.org\/{rel}","templated":true}]}}